What are the prime factors of 46531080?
2, 3, 5, 29, 4457
List the prime factors of 3579913263.
3, 31, 38493691
List the prime factors of 530950697.
41, 12950017
List the prime factors of 49975277.
11, 4543207
What are the prime factors of 146908342?
2, 7, 19, 479, 1153
List the prime factors of 798689740.
2, 5, 43, 487, 1907
What are the prime factors of 465977067?
3, 139, 1117451
List the prime factors of 43990250.
2, 5, 175961
List the prime factors of 129831885.
3, 5, 541, 5333
List the prime factors of 79031720.
2, 5, 97, 20369
What are the prime factors of 400324472?
2, 131, 381989
What are the prime factors of 209991750?
2, 3, 5, 41, 6829
List the prime factors of 3597712263.
3, 19, 21039253
List the prime factors of 273024015.
3, 5, 11, 19, 73, 1193
List the prime factors of 382218892.
2, 11, 41, 211873
List the prime factors of 14289097.
659, 21683
List the prime factors of 3036459770.
2, 5, 23, 13201999
What are the prime factors of 173323668?
2, 3, 7, 2063377
List the prime factors of 1966527751.
17, 109, 199, 5333
What are the prime factors of 1185762389?
7, 47, 3604141
What are the prime factors of 245179595?
5, 49035919
What are the prime factors of 51931378?
2, 23, 1128943
What are the prime factors of 103823229?
3, 71, 181, 2693
What are the prime factors of 18004012?
2, 13, 29, 11939
What are the prime factors of 1152543243?
3, 384181081
What are the prime factors of 605145175?
5, 17, 29, 37, 1327
List the prime factors of 12416751.
3, 1379639
What are the prime factors of 56964437?
229, 248753
List the prime factors of 112446563.
23, 4888981
What are the prime factors of 3574913589?
3, 13, 311, 32749
What are the prime factors of 852499554?
2, 3, 23, 6177533
List the prime factors of 63532570.
2, 5, 17, 373721
What are the prime factors of 269334437?
269334437
List the prime factors of 280670172.
2, 3, 23389181
List the prime factors of 57107387.
421, 135647
List the prime factors of 337945008.
2, 3, 7040521
What are the prime factors of 3246473077?
53, 661, 92669
List the prime factors of 150925249.
150925249
What are the prime factors of 3172137?
3, 23, 31, 1483
What are the prime factors of 293532124?
2, 73, 331, 3037
List the prime factors of 15737962.
2, 83, 113, 839
List the prime factors of 707608510.
2, 5, 7, 17, 84947
List the prime factors of 123583257.
3, 7, 47, 41737
List the prime factors of 27981609.
3, 17, 227, 2417
What are the prime factors of 681100174?
2, 521, 653647
What are the prime factors of 949196471?
19, 31, 1611539
List the prime factors of 155710194.
2, 3, 3457, 7507
List the prime factors of 446534118.
2, 3, 439, 56509
What are the prime factors of 361954344?
2, 3, 17, 887143
List the prime factors of 8278454192.
2, 517403387
What are the prime factors of 894238297?
317, 2820941
What are the prime factors of 213672196?
2, 53418049
What are the prime factors of 3158412298?
2, 1579206149
What are the prime factors of 230243423?
67, 283, 12143
List the prime factors of 802125452.
2, 200531363
List the prime factors of 6448749120.
2, 3, 5, 11, 67853
What are the prime factors of 987037580?
2, 5, 49351879
List the prime factors of 185592426.
2, 3, 73, 423727
What are the prime factors of 200854169?
200854169
What are the prime factors of 330987752?
2, 19, 41, 173, 307
List the prime factors of 3219625295.
5, 643925059
What are the prime factors of 1083227113?
23, 1039, 45329
List the prime factors of 2451953493.
3, 11, 24767207
List the prime factors of 93327260.
2, 5, 13, 358951
List the prime factors of 65000902.
2, 32500451
What are the prime factors of 4218133610?
2, 5, 59, 7149379
What are the prime factors of 275505824?
2, 11, 782687
What are the prime factors of 395320851?
3, 14641513
List the prime factors of 4855582.
2, 59, 41149
List the prime factors of 39561387.
3, 13187129
What are the prime factors of 8326343?
277, 30059
List the prime factors of 6629840889.
3, 7, 101, 3125809
What are the prime factors of 3657246251?
5801, 630451
What are the prime factors of 102339090?
2, 3, 5, 7, 61, 2663
List the prime factors of 2907209293.
419, 6938447
List the prime factors of 251308984.
2, 31413623
List the prime factors of 369313532.
2, 7, 97, 135977
List the prime factors of 370921473.
3, 13, 89, 179, 199
List the prime factors of 1556931934.
2, 19, 607, 67499
List the prime factors of 88436852.
2, 7, 211, 14969
List the prime factors of 118751676.
2, 3, 631, 15683
List the prime factors of 1214453829.
3, 404817943
What are the prime factors of 1112454342?
2, 3, 269, 229751
What are the prime factors of 68623695?
3, 5, 7, 131, 1663
What are the prime factors of 800981841?
3, 11, 19, 1277483
List the prime factors of 116356871.
1009, 115319
List the prime factors of 110348935.
5, 22069787
What are the prime factors of 13474426?
2, 7, 962459
List the prime factors of 489688011.
3, 2015177
What are the prime factors of 257931454?
2, 11, 661, 17737
List the prime factors of 17400269.
31, 379, 1481
What are the prime factors of 264518149?
7, 79, 577, 829
List the prime factors of 3190615493.
13, 245431961
What are the prime factors of 222494624?
2, 11, 632087
List the prime factors of 4385104.
2, 274069
List the prime factors of 181059454.
2, 139, 651293
List the prime factors of 4574016.
2, 3, 2647
List the prime factors of 3184210051.
11, 289473641
What are the prime factors of 708267769?
11, 19, 47, 72103
What are the prime factors of 61470525?
3, 5, 819607
List the prime factors of 530754671.
17, 157, 198859
List the prime factors of 36751866.
2, 3, 1559, 3929
What are the prime factors of 3784881079?
7, 77242471
List the prime factors of 133114479.
3, 3767, 11779
What are the prime factors of 1383634656?
2, 3, 31, 51659
What are the prime factors of 1307000253?
3, 13, 19, 79, 83, 269
What are the prime factors of 1567497912?
2, 3, 353, 185021
What are the prime factors of 53621627?
197, 272191
List the prime factors of 195607749.
3, 47, 1387289
What are the prime factors of 31241889?
3, 7, 23, 7187
What are the prime factors of 23880310?
2, 5, 2388031
List the prime factors of 731409364.
2, 7, 26121763
List the prime factors of 161669549.
161669549
List the prime factors of 31430173.
239, 131507
What are the prime factors of 20153100?
2, 3, 5, 11, 31, 197
List the prime factors of 1439191746.
2, 3, 17, 19, 109, 757
List the prime factors of 8921148.
2, 3, 23, 32323
List the prime factors of 951315004.
2, 103, 181, 12757
List the prime factors of 101495425.
5, 4059817
List the prime factors of 254914938.
2, 3, 1573549
What are the prime factors of 594568022?
2, 37, 8034703
What are the prime factors of 20809749?
3, 631, 10993
What are the prime factors of 3556732736?
2, 229, 242681
What are the prime factors of 2134670416?
2, 17, 31, 383, 661
List the prime factors of 666105205.
5, 29, 163, 28183
List the prime factors of 385149766.
2, 23, 31, 163, 1657
List the prime factors of 16372422.
2, 3, 11, 43, 641
List the prime factors of 942755387.
7, 134679341
List the prime factors of 1943874711.
3, 59, 79, 149, 311
What are the prime factors of 1353644507?
23, 58854109
What are the prime factors of 829944811?
17, 23, 73, 29077
What are the prime factors of 4758223990?
2, 5, 13, 1801, 20323
List the prime factors of 70861834.
2, 71, 499027
What are the prime factors of 2495407666?
2, 20747, 60139
What are the prime factors of 101662737?
3, 11, 17, 23, 7879
List the prime factors of 1996900312.
2, 11, 59, 384611
List the prime factors of 177995046.
2, 3, 29665841
What are the prime factors of 197856910?
2, 5, 107, 184913
List the prime factors of 207487597.
457, 454021
List the prime factors of 2612392.
2, 326549
List the prime factors of 2289231915.
3, 5, 53, 157, 18341
List the prime factors of 63305336.
2, 7913167
List the prime factors of 1973613750.
2, 3, 5, 526297
What are the prime factors of 62046829?
13, 71, 5171
What are the prime factors of 79917046?
2, 11, 241, 15073
What are the prime factors of 402974813?
79, 733, 6959
List the prime factors of 1070469952.
2, 16726093
What are the prime factors of 656731665?
3, 5, 293, 16603
What are the prime factors of 110411879?
53, 2083243
List the prime factors of 1079570706.
2, 3, 269, 668879
List the prime factors of 683940105.
3, 5, 1688741
